110110 (base 2) in base 6?
-1234
Convert 3 (base 6) to base 9.
3
Convert 288 (base 10) to base 5.
2123
What is 208 (base 10) in base 5?
1313
Convert -220 (base 3) to base 15.
-19
What is -1100 (base 4) in base 2?
-1010000
What is 14 (base 9) in base 6?
21
Convert 11 (base 4) to base 3.
12
What is 21200 (base 3) in base 5?
1312
Convert -7 (base 10) to base 11.
-7
Convert -17 (base 16) to base 4.
-113
Convert bc (base 13) to base 3.
12202
Convert 1121 (base 3) to base 13.
34
Convert -17 (base 13) to base 9.
-22
Convert -1 (base 15) to base 12.
-1
What is -2 (base 7) in base 5?
-2
What is 2 (base 4) in base 16?
2
What is 310 (base 5) in base 10?
80
Convert 2 (base 10) to base 12.
2
-303 (base 5) to base 3
-2220
What is 2 (base 8) in base 9?
2
Convert -71 (base 11) to base 12.
-66
2 (base 5) to base 13
2
-201 (base 4) to base 14
-25
23 (base 9) to base 8
25
Convert 11 (base 14) to base 4.
33
Convert 7 (base 15) to base 5.
12
What is c3 (base 15) in base 10?
183
-541 (base 8) to base 3
-111002
1311 (base 5) to base 10
206
Convert 49 (base 11) to base 15.
38
Convert -140 (base 6) to base 8.
-74
Convert -5 (base 7) to base 6.
-5
What is -29 (base 11) in base 13?
-25
Convert -3a (base 15) to base 16.
-37
Convert 0 (base 4) to base 16.
0
What is 110 (base 4) in base 6?
32
What is 76 (base 12) in base 4?
1122
What is 240 (base 9) in base 6?
530
Convert -4c (base 13) to base 12.
-54
-5 (base 6) to base 14
-5
What is -a1 (base 16) in base 12?
-115
-5 (base 13) to base 9
-5
-44 (base 12) to base 2
-110100
315 (base 7) to base 11
135
Convert -4 (base 14) to base 4.
-10
Convert -5 (base 10) to base 8.
-5
Convert -17 (base 14) to base 4.
-111
What is 15 (base 10) in base 9?
16
2 (base 6) to base 3
2
5 (base 14) to base 2
101
b (base 16) to base 12
b
Convert -5 (base 7) to base 10.
-5
What is -1 (base 16) in base 8?
-1
What is -1 (base 5) in base 8?
-1
Convert -1 (base 14) to base 6.
-1
Convert -12 (base 6) to base 2.
-1000
What is a1 (base 11) in base 4?
1233
Convert -3 (base 10) to base 15.
-3
What is 33 (base 9) in base 3?
1010
Convert 7 (base 16) to base 14.
7
-1 (base 13) to base 2
-1
-18b (base 12) to base 11
-209
1011011 (base 2) to base 3
10101
10 (base 12) to base 6
20
-52 (base 8) to base 7
-60
-1 (base 9) to base 13
-1
1 (base 4) to base 13
1
Convert 36 (base 12) to base 13.
33
What is 73 (base 14) in base 12?
85
Convert -3 (base 13) to base 15.
-3
Convert 7a (base 11) to base 13.
69
1 (base 2) to base 5
1
What is -4 (base 14) in base 12?
-4
What is 8 (base 16) in base 6?
12
Convert 2 (base 10) to base 3.
2
What is -14 (base 8) in base 4?
-30
What is b (base 12) in base 11?
10
What is 4a (base 13) in base 4?
332
Convert -233 (base 6) to base 14.
-69
What is -2220 (base 3) in base 10?
-78
2 (base 13) to base 14
2
Convert 67 (base 8) to base 13.
43
-35 (base 16) to base 6
-125
What is -60 (base 16) in base 3?
-10120
1100 (base 2) to base 4
30
-1 (base 8) to base 4
-1
What is 0 (base 16) in base 5?
0
146 (base 7) to base 11
76
Convert 2b (base 14) to base 5.
124
Convert -19 (base 12) to base 10.
-21
-11 (base 7) to base 13
-8
-a (base 15) to base 9
-11
Convert 1220 (base 4) to base 15.
6e
151 (base 14) to base 6
1123
Convert 1 (base 8) to base 5.
1
133 (base 10) to base 11
111
Convert -30 (base 14) to base 8.
-52
Convert -1 (base 8) to base 3.
-1
Convert -17 (base 16) to base 11.
-21
What is d (base 16) in base 10?
13
2 (base 16) to base 14
2
15 (base 12) to base 9
18
Convert 35 (base 11) to base 12.
32
17 (base 10) to base 15
12
What is 1 (base 8) in base 3?
1
332 (base 9) to base 6
1132
Convert 2 (base 9) to base 2.
10
Convert -24 (base 7) to base 4.
-102
What is 4 (base 5) in base 8?
4
2 (base 4) to base 12
2
74 (base 14) to base 5
402
Convert 30 (base 6) to base 15.
13
-36 (base 12) to base 14
-30
Convert -103 (base 4) to base 5.
-34
What is 10110 (base 2) in base 4?
112
Convert 6f (base 16) to base 8.
157
What is 2011 (base 3) in base 5?
213
Convert -10332 (base 4) to base 10.
-318
Convert 8d (base 15) to base 7.
250
Convert -9 (base 14) to base 7.
-12
What is 43 (base 12) in base 10?
51
-11 (base 2) to base 10
-3
Convert -230 (base 9) to base 16.
-bd
-112 (base 3) to base 9
-15
-8 (base 11) to base 3
-22
b (base 15) to base 8
13
Convert -21 (base 10) to base 11.
-1a
What is -22 (base 11) in base 5?
-44
-15 (base 7) to base 10
-12
What is -57 (base 12) in base 14?
-4b
Convert 10212 (base 3) to base 12.
88
What is -4 (base 14) in base 2?
-100
Convert 5 (base 16) to base 10.
5
Convert 5 (base 7) to base 8.
5
Convert -25 (base 16) to base 7.
-52
1411 (base 5) to base 6
1023
Convert -4 (base 5) to base 4.
-10
-121 (base 3) to base 11
-15
Convert -12 (base 4) to base 3.
-20
Convert 5 (base 10) to base 12.
5
-1 (base 10) to base 3
-1
12 (base 8) to base 3
101
What is 3 (base 14) in base 12?
3
-11 (base 8) to base 16
-9
-12 (base 3) to base 10
-5
136 (base 8) to base 12
7a
13a (base 13) to base 11
189
What is -1e (base 16) in base 3?
-1010
What is 6a (base 14) in base 6?
234
What is -1000111 (base 2) in base 13?
-56
Convert -2b (base 15) to base 4.
-221
What is -1 (base 8) in base 2?
-1
-5 (base 6) to base 15
-5
33 (base 4) to base 8
17
-24 (base 11) to base 3
-222
-30 (base 12) to base 10
-36
What is -12 (base 3) in base 2?
-101
What is -6 (base 9) in base 6?
-10
Convert -33 (base 8) to base 16.
-1b
42 (base 11) to base 16
2e
Convert -3 (base 4) to base 12.
-3
What is -241 (base 8) in base 11?
-137
What is 3132 (base 4) in base 2?
11011110
15 (base 13) to base 4
102
189 (base 10) to base 2
10111101
Convert -102 (base 11) to base 5.
-443
8 (base 11) to base 16
8
2 (base 6) to base 13
2
24 (base 6) to base 10
16
-6 (base 15) to base 3
-20
Convert -4 (base 11) to base 7.
-4
Convert 1 (base 10) to base 6.
1
Convert -1 (base 2) to base 4.
-1
What is 10 (base 6) in base 14?
6
-f (base 16) to base 13
-12
What is 10 (base 12) in base 11?
11
Convert 100101 (base 2) to base 8.
45
What is 14 (base 8) in base 12?
10
What is 331 (base 4) in base 7?
115
Convert 11 (base 4) to base 16.
5
What is 5 (base 11) in base 5?
10
Convert 3 (base 6) to base 11.
3
What is 6 (base 10) in base 3?
20
10 (base 4) to base 14
4
Convert 3 (base 12) to base 13.
3
Convert -11 (base 3) to base 2.
-100
What is -96 (base 11) in base 9?
-126
What is -33 (base 12) in base 2?
-100111
Convert 20 (base 16) to base 2.
100000
What is 1102 (base 4) in base 6?
214
What is 5a (base 12) in base 15?
4a
What is 1011 (base 3) in base 16?
1f
What is 3 (base 9) in base 7?
3
3 (base 11) to base 4
3
Convert 20 (base 5) to base 9.
11
What is 0 (base 6) in base 14?
0
5 (base 9) to base 5
10
What is -90 (base 11) in base 10?
-99
1 (base 16) to base 5
1
-100 (base 4) to base 16
-10
What is -2 (base 9) in base 5?
-2
What is 2 (base 6) in base 4?
2
-24 (base 15) to base 12
-2a
Convert -53 (base 9) to base 5.
-143
4a (base 12) to base 7
112
10 (base 4) to base 15
4
What is -10 (base 13) in base 3?
-111
45 (base 8) to base 13
2b
What is -2 (base 7) in base 11?
-2
-a (base 12) to base 7
-13
Convert 101 (base 2) to base 3.
12
Convert 0 (base 12) to base 16.
0
164 (base 9) to base 3
12011
-121 (base 4) to base 11
-23
Convert 3 (base 12) to base 2.
11
Convert -11100 (base 3) to base 16.
-75
3 (base 12) to base 5
3
-12 (base 4) to base 5
-11
Convert -2 (base 6) to base 12.
-2
What is 48 (base 13) in base 6?
140
What is -94 (base 16) in base 7?
-301
-10 (base 3) to base 2
-11
Convert -1 (base 14) to base 13.
-1
What is -5 (base 8) in base 16?
-5
What is -115 (base 6) in base 11?
-43
Convert -46 (base 7) to base 10.
-34
Convert -25 (base 16) to base 8.
-45
Convert -333 (base 5) to base 11.
-85
172 (base 14) to base 13
19a
Convert -102 (base 4) to base 15.
-13
What is -33 (base 16) in base 14?
-39
What is 1 (base 10) in base 15?
1
-1220 (base 3) to base 10
-51
1 (base 13) to base 11
1
-3 (base 10) to base 12
-3
Convert -3 (base 7) to base 11.
-3
What is 2 (base 7) in base 15?
2
What is -9 (base 13) in base 5?
-14
Convert 23 (base 8) to base 13.
16
0 (base 6) to base 3
0
Convert 5 (base 14) to base 10.
5
What is -11 (base 6) in base 8?
-7
Convert -2 (base 5) to base 9.
-2
1a (base 16) to base 15
1b
136 (base 10) to base 6
344
What is -8a (base 16) in base 11?
-116
What is 10 (base 4) in base 13?
4
What is 10 (base 5) in